990896?
37990901
In base 12, what is -22 - 101b43?
-101b65
In base 8, what is -1136 + 22504?
21346
In base 4, what is -21 + 311230201?
311230120
In base 16, what is 1 + -46bcf6b?
-46bcf6a
In base 3, what is 1110001022101002 - -21?
1110001022101100
In base 9, what is 133 + 18126506?
18126640
In base 14, what is -2340ca70 - -3?
-2340ca6b
In base 2, what is -111010011010110000011 - -11001110?
-111010011010010110101
In base 2, what is -11110011111000101001110 - -10?
-11110011111000101001100
In base 2, what is -10101110101111011 - -1001100110?
-10101101100010101
In base 2, what is -111011000011 - 1110100110?
-1001001101001
In base 3, what is 1022212222122202021 - 1?
1022212222122202020
In base 3, what is 102 - -211021121102?
211021121211
In base 9, what is 35 - 160728?
-160683
In base 6, what is -2403 + -205510?
-212313
In base 6, what is 3 - 5103022000?
-5103021553
In base 2, what is -110100100010110000111100 - -10?
-110100100010110000111010
In base 4, what is -200 - -1110311030332?
1110311030132
In base 13, what is -2a485 + -1b3?
-2a668
In base 14, what is -64c6 + -677?
-6b5d
In base 14, what is b67 - -518?
1281
In base 16, what is -1 + d9de7?
d9de6
In base 5, what is -2220120 + -320233?
-3040403
In base 12, what is -8b311 - -a?
-8b303
In base 15, what is -19 - -a5008?
a4ede
In base 5, what is -130102043 - -2?
-130102041
In base 8, what is 2766671 + 51?
2766742
In base 15, what is -d - -1d3ea54?
1d3ea46
In base 14, what is 11 - 187000?
-186dcd
In base 10, what is -7 - 2898389?
-2898396
In base 3, what is 22221200010102 - 101?
22221200010001
In base 7, what is 5545130 + 12?
5545142
In base 11, what is -1770 - 894?
-2554
In base 6, what is 3 + 15112222322?
15112222325
In base 7, what is 5 + 160630636?
160630644
In base 14, what is 6b787 - 16?
6b771
In base 10, what is -54756 - 30?
-54786
In base 7, what is -263205630 - -5?
-263205622
In base 15, what is -10cb64 + 3?
-10cb61
In base 2, what is 10010000101110100101 + 1100100?
10010000110000001001
In base 3, what is 100010211 - -10111200?
110122111
In base 3, what is 0 + -10021122000010?
-10021122000010
In base 8, what is 200500661 - 12?
200500647
In base 8, what is -2 + 203003001?
203002777
In base 6, what is -24 + 401025444?
401025420
In base 5, what is -1343142 + -1203?
-1344400
In base 3, what is -1 + 10010111201200122?
10010111201200121
In base 5, what is 14 - 144404040?
-144404021
In base 15, what is 83 + -836b4?
-83631
In base 6, what is 34535 + -1004200?
-525221
In base 6, what is 154544 - -12055?
211043
In base 2, what is 111101110101110001101001111 - -10?
111101110101110001101010001
In base 9, what is 2173584 - 1?
2173583
In base 16, what is 4f4e113 + 2?
4f4e115
In base 13, what is 7 - 477530?
-477526
In base 7, what is -3011036 + 13?
-3011023
In base 11, what is 4 - 105250?
-105247
In base 11, what is -4190a370 - 3?
-4190a373
In base 14, what is -46420 - 5c?
-4647c
In base 2, what is -1110101101101100010100 + 1000?
-1110101101101100001100
In base 3, what is 2200 + 2101?
12001
In base 13, what is -9 - 37c079?
-37c085
In base 11, what is -12 - 113536?
-113548
In base 2, what is -1001111100 + -10101000101000010?
-10101001110111110
In base 3, what is 210122021 + -21111201?
112010120
In base 5, what is 1134032 - 4042?
1124440
In base 7, what is 24423 - 56331?
-31605
In base 12, what is -71 + 33196?
33125
In base 8, what is -244702 + -16?
-244720
In base 7, what is -15235 - 12651?
-31216
In base 12, what is 697 + 22885?
23360
In base 8, what is -10 - 1124216?
-1124226
In base 3, what is -11221110120221 - 2?
-11221110121000
In base 6, what is -2502215022 - 1?
-2502215023
In base 4, what is -112 - 31122031133?
-31122031311
In base 8, what is 110416 - 33343?
55053
In base 10, what is 428 - 410?
18
In base 7, what is 4 - 621512306?
-621512302
In base 2, what is 1101111001100 - 11010000010111?
-1100001001011
In base 15, what is -158 + -c2ad?
-c416
In base 3, what is 210110101011000 + 1?
210110101011001
In base 16, what is 137b96d + 0?
137b96d
In base 10, what is 596719 + 34?
596753
In base 7, what is -15231 + -101335?
-116566
In base 9, what is -10 - -7823160?
7823150
In base 7, what is 5466121 + 1536?
5500660
In base 8, what is -112 + -114706?
-115020
In base 5, what is 120344441400 - -12?
120344441412
In base 16, what is 92d5 + af?
9384
In base 5, what is -20403214 - 12224?
-20420443
In base 11, what is -7 + 169769?
169762
In base 11, what is -1138 - 3014?
-4151
In base 6, what is -210323252553 - 0?
-210323252553
In base 11, what is -2838 - -14871?
12034
In base 2, what is 11001001110010 + 10010001110?
11011100000000
In base 5, what is -4 + 1402044313?
1402044304
In base 12, what is -1ab3 + 49498?
475a5
In base 14, what is 155c + -47b?
10c1
In base 8, what is -5225507 + -14?
-5225523
In base 4, what is 223210100 + -1?
223210033
In base 13, what is -60ac49 + 12?
-60ac37
In base 8, what is 224 - -75300?
75524
In base 6, what is 105055 - -233050?
342145
In base 11, what is 460 + -128a5?
-12445
In base 5, what is -10121211023 - 3?
-10121211031
In base 5, what is 2102423224 + 10?
2102423234
In base 10, what is 3 + -2284382?
-2284379
In base 12, what is -44790 - -31b2?
-4159a
In base 5, what is -3234424033143 - -2?
-3234424033141
In base 6, what is 331 - -11451115?
11451450
In base 11, what is -a1976 + 49?
-a1928
In base 13, what is 30 + 159b48?
159b78
In base 8, what is 4726234 - -7?
4726243
In base 9, what is 2181627317 + 1?
2181627318
In base 3, what is -11000211 + -1011220022?
-1022221010
In base 4, what is 1 + 2002112231132?
2002112231133
In base 2, what is -10000110100110010000110 - -110?
-10000110100110010000000
In base 2, what is 1110101110011011 - -101000110?
1110110011100001
In base 11, what is 198358 + 8?
198365
In base 12, what is -b + a75104?
a750b5
In base 14, what is -1d94 - 13cc?
-3382
In base 2, what is -10101 + -100111000100010010101?
-100111000100010101010
In base 2, what is 1011001010101000110111000 - -1?
1011001010101000110111001
In base 3, what is -11 + -2000010112020?
-2000010112101
In base 16, what is 1e8 - 23a0c?
-23824
In base 15, what is 692119 + 1?
69211a
In base 9, what is -227 - -224811?
224573
In base 14, what is 3d - -6c04a0?
6c04dd
In base 16, what is -12f75 + 84e?
-12727
In base 10, what is -5 + 5667577?
5667572
In base 12, what is 2 - -216505?
216507
In base 6, what is -125331 - -115141?
-10150
In base 10, what is 28479270 - -2?
28479272
In base 5, what is -10001404343 + -3?
-10001404401
In base 4, what is 3003012232 - -31031?
3003103323
In base 10, what is 1400403 + -13?
1400390
In base 4, what is -32 - -110022023121?
110022023023
In base 12, what is 1 + 15197a6?
15197a7
In base 12, what is 3 + -57b619a?
-57b6197
In base 10, what is -16 + 7205625?
7205609
In base 13, what is -66aa04 - 56?
-66aa5a
In base 9, what is 1121517 - -4?
1121522
In base 13, what is -5 - -679c64?
679c5c
In base 14, what is 3 + -8b65c8?
-8b65c5
In base 2, what is -11111011010010111100 + -1101?
-11111011010011001001
In base 15, what is 4b - 15888b?
-158840
In base 14, what is 111 + -155679?
-155568
In base 3, what is 212 - -11101201200?
11101202112
In base 5, what is -40442 - -202043?
111101
In base 4, what is 21203121110 - 2?
21203121102
In base 11, what is 349 - -39993?
3a231
In base 7, what is 12 + -10324521?
-10324506
In base 13, what is 10c - -334a2?
335b1
In base 7, what is -504021 + 36?
-503652
In base 8, what is -3 - -47512377?
47512374
In base 12, what is -b550112 + 7?
-b550107
In base 15, what is -b + -408ab?
-408b7
In base 12, what is 17755 + 329?
17a82
In base 9, what is -12777 + -270?
-13157
In base 10, what is 379484 + 48?
379532
In base 3, what is 200210 + -20010210?
-12110000
In base 16, what is -25ab - -9d?
-250e
In base 13, what is -57330 + -63?
-57393
In base 5, what is -20112113 + -2444?
-20120112
In base 2, what is 1010010110101 + -11111001101110?
-10100110111001
In base 11, what is 721a0 - 22?
72179
In base 5, what is -144 - -20304044120?
20304043421
In base 14, what is -12 + -3994d2?
-399504
In base 11, what is 1872 + -233?
163a
In base 8, what is 1 + -47747442?
-47747441
In base 6, what is -2 + -34135402?
-34135404
In base 3, what is 2002001 - 1000111020?
-221102012
In base 7, what is -142 - 421315?
-421460
In base 11, what is -9 + -2154143?
-2154151
In base 5, what is 